800765 is divided by 1800683.
82
What is the remainder when 40761257 is divided by 78?
17
Calculate the remainder when 8509212 is divided by 806.
270
What is the remainder when 3607312 is divided by 4721?
468
What is the remainder when 84512959 is divided by 2320?
2319
What is the remainder when 1747995 is divided by 20?
15
What is the remainder when 29992029 is divided by 2303?
60
What is the remainder when 661740879 is divided by 53?
51
What is the remainder when 18132932 is divided by 197?
67
Calculate the remainder when 31652 is divided by 8533.
6053
Calculate the remainder when 10584458 is divided by 705629.
23
What is the remainder when 6145864 is divided by 245834?
14
What is the remainder when 8331129 is divided by 3104?
3097
What is the remainder when 133558666 is divided by 12141696?
10
What is the remainder when 32803 is divided by 2061?
1888
What is the remainder when 29596 is divided by 3363?
2692
What is the remainder when 19358721 is divided by 73?
70
What is the remainder when 83707 is divided by 20924?
11
What is the remainder when 5806009 is divided by 215037?
10
Calculate the remainder when 10984 is divided by 1268.
840
What is the remainder when 37995 is divided by 36779?
1216
What is the remainder when 1864723 is divided by 111?
34
Calculate the remainder when 8951741 is divided by 717.
713
What is the remainder when 1843998 is divided by 141795?
663
Calculate the remainder when 3330807 is divided by 716.
691
Calculate the remainder when 88225535 is divided by 3770.
3765
Calculate the remainder when 35594309 is divided by 1407.
23
Calculate the remainder when 129498 is divided by 129285.
213
What is the remainder when 418654 is divided by 117?
28
Calculate the remainder when 3631 is divided by 276.
43
Calculate the remainder when 17606 is divided by 67.
52
Calculate the remainder when 139076 is divided by 8691.
20
What is the remainder when 8022742 is divided by 501418?
54
Calculate the remainder when 157314 is divided by 1417.
27
Calculate the remainder when 65626857 is divided by 72.
9
What is the remainder when 2293687 is divided by 3277?
3064
Calculate the remainder when 1664412 is divided by 31.
22
Calculate the remainder when 103077 is divided by 31682.
8031
What is the remainder when 288861 is divided by 94437?
5550
Calculate the remainder when 3339666 is divided by 477083.
85
Calculate the remainder when 57766 is divided by 5182.
764
What is the remainder when 6748231 is divided by 89?
73
What is the remainder when 10244536 is divided by 1039?
1035
Calculate the remainder when 27528602 is divided by 4088.
10
Calculate the remainder when 6862926 is divided by 1028.
1026
What is the remainder when 17325829 is divided by 457?
45
Calculate the remainder when 43212306 is divided by 7674.
12
What is the remainder when 273851 is divided by 122?
83
What is the remainder when 87355 is divided by 633?
1
Calculate the remainder when 60848175 is divided by 2987.
2985
Calculate the remainder when 826664 is divided by 1161.
32
Calculate the remainder when 5646 is divided by 962.
836
Calculate the remainder when 9733298 is divided by 466.
422
What is the remainder when 172417 is divided by 14313?
661
What is the remainder when 120046 is divided by 3317?
634
What is the remainder when 126188037 is divided by 901343?
17
What is the remainder when 2741138 is divided by 8?
2
Calculate the remainder when 2378575 is divided by 198205.
115
Calculate the remainder when 7026956 is divided by 1217.
1215
Calculate the remainder when 720044 is divided by 229.
68
What is the remainder when 2586066 is divided by 1676?
1674
Calculate the remainder when 4674527 is divided by 194.
97
What is the remainder when 6746546 is divided by 26772?
2
What is the remainder when 389771 is divided by 77912?
211
Calculate the remainder when 273714 is divided by 54019.
3619
What is the remainder when 166569 is divided by 19?
15
Calculate the remainder when 8366 is divided by 8365.
1
Calculate the remainder when 1046327 is divided by 19024.
7
What is the remainder when 1397152 is divided by 559?
211
Calculate the remainder when 14465 is divided by 5892.
2681
What is the remainder when 324354598 is divided by 600?
598
What is the remainder when 553408 is divided by 86?
84
What is the remainder when 125040 is divided by 41446?
702
Calculate the remainder when 781513 is divided by 647.
584
What is the remainder when 218115142 is divided by 398?
396
What is the remainder when 20855429 is divided by 674?
521
Calculate the remainder when 1008165 is divided by 4200.
165
What is the remainder when 57271381 is divided by 98?
83
Calculate the remainder when 469268247 is divided by 150.
147
Calculate the remainder when 290081 is divided by 704.
33
What is the remainder when 6385200 is divided by 1252?
0
What is the remainder when 331944 is divided by 14429?
77
Calculate the remainder when 4755264 is divided by 411.
405
Calculate the remainder when 730953 is divided by 243550.
303
Calculate the remainder when 18200 is divided by 359.
250
What is the remainder when 97386 is divided by 6915?
576
What is the remainder when 26140584 is divided by 373?
371
Calculate the remainder when 20745014 is divided by 255.
254
Calculate the remainder when 18620 is divided by 2857.
1478
Calculate the remainder when 104230 is divided by 2809.
297
Calculate the remainder when 3386875 is divided by 4223.
29
Calculate the remainder when 295800 is divided by 4050.
150
What is the remainder when 276550 is divided by 138121?
308
Calculate the remainder when 66481812 is divided by 565.
522
What is the remainder when 110245 is divided by 225?
220
What is the remainder when 6174195 is divided by 36751?
27
Calculate the remainder when 60589 is divided by 7570.
29
What is the remainder when 41357378 is divided by 51?
50
What is the remainder when 2488575 is divided by 21?
12
What is the remainder when 62200 is divided by 12265?
875
Calculate the remainder when 14635767 is divided by 123.
120
What is the remainder when 226655 is divided by 410?
335
Calculate the remainder when 5081 is divided by 2497.
87
Calculate the remainder when 3384897 is divided by 19.
9
What is the remainder when 391281 is divided by 242?
209
What is the remainder when 959828 is divided by 959801?
27
Calculate the remainder when 13650640 is divided by 3744.
16
Calculate the remainder when 1105449 is divided by 4458.
4323
What is the remainder when 1034032 is divided by 410?
12
Calculate the remainder when 424185 is divided by 285.
105
What is the remainder when 27420752 is divided by 129?
125
Calculate the remainder when 210473 is divided by 42090.
23
What is the remainder when 2660088 is divided by 3561?
21
Calculate the remainder when 4449624 is divided by 1112386.
80
What is the remainder when 62123420 is divided by 3901?
3896
What is the remainder when 6370 is divided by 318?
10
Calculate the remainder when 753657 is divided by 75343.
227
What is the remainder when 20813 is divided by 1363?
368
Calculate the remainder when 149631519 is divided by 16.
15
What is the remainder when 82919 is divided by 11?
1
What is the remainder when 159944 is divided by 88?
48
What is the remainder when 665501 is divided by 133076?
121
What is the remainder when 44447747 is divided by 103?
54
What is the remainder when 18833 is divided by 3244?
2613
What is the remainder when 5750831 is divided by 35?
16
What is the remainder when 1386448 is divided by 4116?
3472
What is the remainder when 1746923 is divided by 238?
3
What is the remainder when 55012956 is divided by 91?
89
What is the remainder when 107296 is divided by 511?
497
Calculate the remainder when 31650097 is divided by 10550032.
1
What is the remainder when 129570 is divided by 16189?
58
Calculate the remainder when 54487 is divided by 4503.
451
Calculate the remainder when 44964 is divided by 43544.
1420
What is the remainder when 8120315 is divided by 1353384?
11
What is the remainder when 164046 is divided by 82003?
40
Calculate the remainder when 14671659 is divided by 2828.
2823
Calculate the remainder when 10382776 is divided by 692181.
61
Calculate the remainder when 1200020 is divided by 53.
47
What is the remainder when 1925701 is divided by 35661?
7
Calculate the rem